se 4, what is -123013 - 11?
-123030
In base 16, what is -e60 + 1b?
-e45
In base 2, what is 11010 + 1011110001?
1100001011
In base 9, what is 38105 - -2?
38107
In base 6, what is -355 + 2345?
1550
In base 8, what is -101 - 214?
-315
In base 5, what is 4 - -402244?
402303
In base 11, what is 3 - 192867?
-192864
In base 7, what is -544622 - 5?
-544630
In base 4, what is 111 + -30302?
-30131
In base 7, what is 3334 - -3215?
6552
In base 8, what is 73502 - 21?
73461
In base 9, what is 0 + -1416867?
-1416867
In base 14, what is c4 + 26c?
352
In base 6, what is -1 - 3032505?
-3032510
In base 11, what is 150 - -6515?
6665
In base 8, what is -35 - 33757?
-34014
In base 12, what is -a4898 - -5?
-a4893
In base 8, what is 3 - -66243?
66246
In base 14, what is -5 - 39203?
-39208
In base 6, what is 250314 - 115?
250155
In base 14, what is -3 + 63284?
63281
In base 5, what is -12011 + -30?
-12041
In base 16, what is -416 - 13?
-429
In base 14, what is 5 - 62b8?
-62b3
In base 12, what is 103 + 1609?
1710
In base 4, what is -11 - -3212300?
3212223
In base 9, what is 704 + -43?
651
In base 8, what is 46324 - -6?
46332
In base 5, what is 144 - 12413?
-12214
In base 5, what is 423412 + 1?
423413
In base 9, what is -272 + -518?
-801
In base 13, what is -3 + -1683c7?
-1683ca
In base 10, what is 303853 - 0?
303853
In base 8, what is -5406 - 0?
-5406
In base 8, what is -3135224 + -2?
-3135226
In base 4, what is 11 + -10223221?
-10223210
In base 13, what is 179aa - -2?
179ac
In base 3, what is 10 - 21012001022?
-21012001012
In base 11, what is -a2 + 459?
367
In base 7, what is -26063 + -2?
-26065
In base 9, what is 1 - 3502?
-3501
In base 3, what is 10121 - -1120211110?
1120222001
In base 6, what is 105155 - -1?
105200
In base 13, what is -47 - -2a6?
25c
In base 7, what is -4566 - -32?
-4534
In base 3, what is 11101 - -120?
11221
In base 11, what is -8a63 + 13?
-8a50
In base 8, what is 423444 - 5?
423437
In base 15, what is -4 - -2399?
2395
In base 15, what is a3 + -1a7?
-104
In base 15, what is 4d32 - 3?
4d2e
In base 7, what is 21513 + -31?
21452
In base 7, what is 346 - 12515?
-12136
In base 4, what is 11 - 10200202?
-10200131
In base 11, what is 12a + -9a?
40
In base 12, what is 14b + -126?
25
In base 12, what is 140089 + 3?
140090
In base 13, what is -1a47a5 - 0?
-1a47a5
In base 10, what is -1 + 45327?
45326
In base 15, what is 79eb1d + 1?
79eb1e
In base 14, what is -97a41c + 4?
-97a418
In base 2, what is 1000110110 + 101100001?
1110010111
In base 4, what is 223 - 33211202?
-33210313
In base 9, what is -13887 - 1?
-13888
In base 15, what is 3ab6 + -ad?
3a08
In base 14, what is 4 - -bc03?
bc07
In base 15, what is a58 - -24?
a7c
In base 15, what is 4 + -7a70?
-7a6b
In base 5, what is 0 - -2302?
2302
In base 16, what is -2 - 2b791?
-2b793
In base 13, what is -711a + -11?
-712b
In base 16, what is 717bd + 4?
717c1
In base 6, what is -20 - 232501?
-232521
In base 4, what is 1 - 133112312?
-133112311
In base 16, what is -74d + 5d?
-6f0
In base 8, what is -65 + -1274?
-1361
In base 10, what is 3 - -15552?
15555
In base 2, what is 11000111100 + -11100011?
10101011001
In base 13, what is -49a5 + -2?
-49a7
In base 4, what is 2 - -20023302?
20023310
In base 3, what is -11000210020 - 11?
-11000210101
In base 14, what is c7d2 - -4?
c7d6
In base 13, what is -2048 - 177?
-21c2
In base 9, what is -4615 - 20?
-4635
In base 2, what is 100 + 1111010001001010?
1111010001001110
In base 11, what is 133665 - 3?
133662
In base 15, what is 58c - -7?
594
In base 6, what is -1 - 441405?
-441410
In base 15, what is -3 + 1d44?
1d41
In base 7, what is -115663 + 102?
-115561
In base 10, what is 524 - -854?
1378
In base 6, what is -104 - -101224?
101120
In base 16, what is 76d + 32?
79f
In base 8, what is 445 + 452?
1117
In base 10, what is -713 + 56?
-657
In base 11, what is -392430 - 0?
-392430
In base 15, what is 2 - 1700?
-16ed
In base 4, what is 33213101 + 0?
33213101
In base 9, what is 68 - -102?
171
In base 3, what is 100 + 11001210?
11002010
In base 15, what is 67 + -95?
-2d
In base 13, what is -21627 - 8?
-21632
In base 10, what is -17649 + -16?
-17665
In base 5, what is 10 - 121200?
-121140
In base 8, what is -3 - -321170?
321165
In base 12, what is 2154 - 3?
2151
In base 12, what is 45b0 + -20?
4590
In base 6, what is -3 - -2431211?
2431204
In base 11, what is -a883 - -2?
-a881
In base 3, what is 1200101 - 112210?
1010121
In base 13, what is -7 + -5c65?
-5c6c
In base 14, what is 2 - 13b13?
-13b11
In base 14, what is -4 + -3c7b?
-3c81
In base 5, what is 4 - -3041300?
3041304
In base 7, what is 1215 + 65?
1313
In base 6, what is 14 + -12151?
-12133
In base 8, what is 622660 + 4?
622664
In base 2, what is -10000111 + 11101?
-1101010
In base 9, what is -60 - -584?
524
In base 12, what is 9124 - 24?
9100
In base 8, what is -52722 - -4?
-52716
In base 10, what is 74 + 396?
470
In base 10, what is -14 - -21348?
21334
In base 10, what is 440734 - 4?
440730
In base 4, what is 122110232 + -3?
122110223
In base 16, what is fc29 - -4?
fc2d
In base 4, what is 3 + 2003110300?
2003110303
In base 13, what is 301a - 15?
3005
In base 8, what is -37 - -5344?
5305
In base 7, what is -6030 - 40?
-6100
In base 11, what is aa + 165?
264
In base 5, what is 4103 - -3323?
12431
In base 6, what is -152504 - 32?
-152540
In base 3, what is -1002 - -102120220?
102112211
In base 4, what is -30 + 111212321?
111212231
In base 8, what is -331 - 74?
-425
In base 13, what is 4044 + -83?
3c91
In base 9, what is 246474 + -4?
246470
In base 7, what is 1003220 - -15?
1003235
In base 6, what is -1 + -535244?
-535245
In base 13, what is -49547 - 3?
-4954a
In base 16, what is 5 + -91557?
-91552
In base 3, what is -12111 - -2202?
-2202
In base 14, what is -327 + -14c?
-475
In base 2, what is 1001 - -1110100101010?
1110100110011
In base 16, what is -49a - 4b1?
-94b
In base 2, what is -1001000001 + -11110100?
-1100110101
In base 15, what is 22edca + 2?
22edcc
In base 14, what is -22290 + -3?
-22293
In base 12, what is 6 - -6372?
6378
In base 2, what is 11001101000010101101 + -100?
11001101000010101001
In base 6, what is -325311 + -2?
-325313
In base 9, what is 0 + -144?
-144
In base 7, what is -2166021 + 4?
-2166014
In base 15, what is 6ee - -60?
75e
In base 13, what is 1c014 + -3?
1c011
In base 5, what is 2 - -14203401?
14203403
In base 15, what is 24be4 - 6?
24bdd
In base 9, what is 2280 - -107?
2387
In base 12, what is -ab - 51?
-140
In base 10, what is -191 + -57?
-248
In base 7, what is 25061 + -15?
25043
In base 10, what is 20396 + -340?
20056
In base 7, what is -643153 + 105?
-643045
In base 2, what is -110011111 - -110111011?
11100
In base 6, what is 12 - -121002?
121014
In base 15, what is 4 - 1d28?
-1d24
In base 2, what is 1010001001 - -1000100001001?
1001110010010
In base 4, what is -1203011 - 120?
-1203131
In base 12, what is -15 - 865?
-87a
In base 12, what is 2 - 3085?
-3083
In base 5, what is 101 + -3314?
-3213
In base 12, what is 3 - -38230?
38233
In base 12, what is -2 + -4485?
-4487
In base 4, what is -112203013 - -2?
-112203011
In base 4, what is 13 - -101121?
101200
In base 12, what is -9121a5 + -5?
-9121aa
In base 2, what is 0 - -1001001100111101?
1001001100111101
In base 7, what is -5 - -25635?
25630
In base 7, what is -236141 + 3?
-236135
In base 5, what is 2112 + -1002?
1110
In base 11, what is -1942 - -8?
-1935
In base 9, what is 5 + 800301?
800306
In base 16, what is 4 + -274d3?
-274cf
In base 5, what is -221302 - 32?
-221334
In base 3, what is -112 + -2110021002?
-2110021121
In base 6, what is -315011 + 424?
-314143
In base 12, what is 86 - 3?
83
In base 14, what is -1644c + -4?
-16452
In base 7, what is 5 + -165055?
-165050
In base 9, what is 1044 - 1202?
-147
In base 10, what is -28 - 4580?
-4608
In base 5, what is 2 + -22302?
-22300
In base 11, what is a - 24350?
-24341
In base 3, what is 112211122121 - 11?
112211122110
In base 14, what is 4 - -b28?
b2c
In base 6, what is 1112 + 13534?
15050
In base 11, what is 0 + 3421?
3421
In base 4, what is 1 - 2100201100?
-2100201033
In base 10, what is -30732 + -10?
-30742
In base 13, what is 3 + ac55?
ac58
In base 14, what is -8 - -181?
177
In base 10, what is -4 - 309043?
-309047
In base 16, what is 1767 - 86?
16e1
In base 2, what is 1000 - 1110011111001